40?
237
What is the remainder when 580 is divided by 54?
40
Calculate the remainder when 47 is divided by 38.
9
What is the remainder when 255 is divided by 131?
124
Calculate the remainder when 9409 is divided by 471.
460
What is the remainder when 2497 is divided by 147?
145
Calculate the remainder when 65 is divided by 12.
5
What is the remainder when 1538 is divided by 66?
20
What is the remainder when 251 is divided by 26?
17
Calculate the remainder when 393 is divided by 113.
54
Calculate the remainder when 81 is divided by 24.
9
Calculate the remainder when 125 is divided by 13.
8
Calculate the remainder when 299 is divided by 12.
11
What is the remainder when 50 is divided by 7?
1
What is the remainder when 260 is divided by 12?
8
What is the remainder when 263 is divided by 33?
32
What is the remainder when 82 is divided by 43?
39
Calculate the remainder when 680 is divided by 23.
13
Calculate the remainder when 2126 is divided by 23.
10
Calculate the remainder when 206 is divided by 42.
38
What is the remainder when 76 is divided by 21?
13
What is the remainder when 95 is divided by 14?
11
Calculate the remainder when 6332 is divided by 5.
2
Calculate the remainder when 1117 is divided by 35.
32
Calculate the remainder when 274 is divided by 59.
38
What is the remainder when 224 is divided by 15?
14
Calculate the remainder when 343 is divided by 10.
3
Calculate the remainder when 1474 is divided by 101.
60
What is the remainder when 458 is divided by 5?
3
Calculate the remainder when 12 is divided by 9.
3
Calculate the remainder when 191 is divided by 30.
11
Calculate the remainder when 224 is divided by 53.
12
Calculate the remainder when 445 is divided by 35.
25
Calculate the remainder when 637 is divided by 16.
13
What is the remainder when 53 is divided by 7?
4
Calculate the remainder when 6750 is divided by 260.
250
What is the remainder when 36 is divided by 10?
6
Calculate the remainder when 145 is divided by 73.
72
What is the remainder when 701 is divided by 124?
81
Calculate the remainder when 76 is divided by 30.
16
Calculate the remainder when 670 is divided by 57.
43
What is the remainder when 1467 is divided by 79?
45
Calculate the remainder when 21134 is divided by 16.
14
What is the remainder when 88 is divided by 32?
24
Calculate the remainder when 5559 is divided by 18.
15
What is the remainder when 1363 is divided by 50?
13
What is the remainder when 458 is divided by 98?
66
What is the remainder when 480 is divided by 132?
84
Calculate the remainder when 58602 is divided by 322.
320
What is the remainder when 228 is divided by 77?
74
Calculate the remainder when 77 is divided by 5.
2
What is the remainder when 836 is divided by 93?
92
What is the remainder when 86 is divided by 15?
11
What is the remainder when 13355 is divided by 159?
158
What is the remainder when 1303 is divided by 87?
85
Calculate the remainder when 1732 is divided by 17.
15
Calculate the remainder when 959 is divided by 80.
79
Calculate the remainder when 1358 is divided by 374.
236
Calculate the remainder when 707 is divided by 111.
41
Calculate the remainder when 29 is divided by 6.
5
What is the remainder when 1001 is divided by 45?
11
What is the remainder when 77 is divided by 25?
2
Calculate the remainder when 2593 is divided by 59.
56
What is the remainder when 182 is divided by 2?
0
Calculate the remainder when 37 is divided by 15.
7
What is the remainder when 219 is divided by 57?
48
What is the remainder when 107 is divided by 27?
26
What is the remainder when 130 is divided by 35?
25
What is the remainder when 62 is divided by 38?
24
Calculate the remainder when 3222 is divided by 129.
126
Calculate the remainder when 375 is divided by 116.
27
What is the remainder when 1685 is divided by 556?
17
What is the remainder when 463 is divided by 32?
15
Calculate the remainder when 2837 is divided by 75.
62
Calculate the remainder when 728 is divided by 191.
155
Calculate the remainder when 1059 is divided by 525.
9
Calculate the remainder when 281 is divided by 16.
9
Calculate the remainder when 172 is divided by 61.
50
Calculate the remainder when 805 is divided by 45.
40
What is the remainder when 2690 is divided by 893?
11
Calculate the remainder when 333 is divided by 169.
164
Calculate the remainder when 236 is divided by 34.
32
What is the remainder when 818 is divided by 39?
38
Calculate the remainder when 1987 is divided by 38.
11
Calculate the remainder when 412 is divided by 18.
16
Calculate the remainder when 831 is divided by 277.
0
What is the remainder when 621 is divided by 28?
5
Calculate the remainder when 2917 is divided by 33.
13
What is the remainder when 101 is divided by 53?
48
What is the remainder when 2780 is divided by 173?
12
Calculate the remainder when 82 is divided by 33.
16
What is the remainder when 300 is divided by 105?
90
Calculate the remainder when 1711 is divided by 156.
151
Calculate the remainder when 449 is divided by 30.
29
What is the remainder when 247 is divided by 18?
13
What is the remainder when 1552 is divided by 14?
12
Calculate the remainder when 182 is divided by 76.
30
What is the remainder when 83 is divided by 2?
1
What is the remainder when 1207 is divided by 179?
133
Calculate the remainder when 419 is divided by 130.
29
What is the remainder when 48 is divided by 21?
6
Calculate the remainder when 203 is divided by 68.
67
Calculate the remainder when 318 is divided by 67.
50
What is the remainder when 571 is divided by 17?
10
Calculate the remainder when 2360 is divided by 157.
5
Calculate the remainder when 40 is divided by 10.
0
Calculate the remainder when 60 is divided by 21.
18
What is the remainder when 1821 is divided by 5?
1
What is the remainder when 228 is divided by 10?
8
Calculate the remainder when 7999 is divided by 12.
7
Calculate the remainder when 306 is divided by 44.
42
Calculate the remainder when 17 is divided by 3.
2
Calculate the remainder when 2948 is divided by 211.
205
Calculate the remainder when 145 is divided by 53.
39
What is the remainder when 249 is divided by 54?
33
What is the remainder when 2969 is divided by 30?
29
Calculate the remainder when 171 is divided by 54.
9
What is the remainder when 525 is divided by 120?
45
Calculate the remainder when 360 is divided by 39.
9
Calculate the remainder when 652 is divided by 3.
1
What is the remainder when 24821 is divided by 21?
20
What is the remainder when 64 is divided by 30?
4
What is the remainder when 16641 is divided by 314?
313
What is the remainder when 64 is divided by 17?
13
What is the remainder when 119 is divided by 6?
5
Calculate the remainder when 886 is divided by 871.
15
What is the remainder when 373 is divided by 88?
21
Calculate the remainder when 257 is divided by 26.
23
What is the remainder when 1106 is divided by 143?
105
What is the remainder when 442 is divided by 143?
13
What is the remainder when 2545 is divided by 19?
18
What is the remainder when 1673 is divided by 13?
9
What is the remainder when 1383 is divided by 16?
7
What is the remainder when 12578 is divided by 20?
18
Calculate the remainder when 615 is divided by 7.
6
What is the remainder when 33 is divided by 10?
3
Calculate the remainder when 7915 is divided by 37.
34
What is the remainder when 206 is divided by 38?
16
Calculate the remainder when 513 is divided by 43.
40
Calculate the remainder when 321 is divided by 17.
15
What is the remainder when 732 is divided by 19?
10
What is the remainder when 31103 is divided by 302?
299
What is the remainder when 504 is divided by 103?
92
Calculate the remainder when 332 is divided by 116.
100
What is the remainder when 63 is divided by 56?
7
What is the remainder when 1676 is divided by 451?
323
What is the remainder when 195 is divided by 28?
27
Calculate the remainder when 146 is divided by 50.
46
What is the remainder when 519 is divided by 20?
19
Calculate the remainder when 618 is divided by 3.
0
What is the remainder when 1907 is divided by 270?
17
What is the remainder when 1906 is divided by 53?
51
What is the remainder when 2171 is divided by 272?
267
What is the remainder when 380 is divided by 363?
17
Calculate the remainder when 36 is divided by 30